ens digit of m(k)?
5
Let s(c) = c**3 - 9*c**2 - 4*c - 21. Let v(o) = -4*o - 9. Let n be v(-5). What is the tens digit of s(n)?
7
Let z(l) = -29*l + 3. Let t be z(-6). Let j = -49 + t. What is the tens digit of j?
2
Let u(k) = k**3 - 22*k**2 + 21*k + 13. Let x = -12 - -33. What is the units digit of u(x)?
3
Suppose 19*j = 22*j. Suppose 2*z + 144 = 3*v + z, -4*v - 4*z + 208 = j. What is the units digit of v/1 + 2 + -4?
7
Let q(w) = -4*w + 2. Let h be q(-1). Let n be 10/30 + 34/h. Suppose n*c - c - 5 = 0. What is the units digit of c?
1
Let i = 114 - 27. Let w = i - 61. What is the units digit of w - (3 - (-2 - -4))?
5
Suppose 3*o + 111 = -5*k + 5*o, 2*k + 33 = -3*o. Let x = k + 86. What is the tens digit of x?
6
Let q = 6 - 2. Suppose -q - 6 = -5*g. What is the units digit of g/(-6) + 1312/48?
7
Let b be ((-24)/9*213)/(-2). Suppose 2*j - 21*h - 588 = -16*h, -j + 5*h = -b. What is the tens digit of j?
0
What is the units digit of ((-6021)/(-12) - -8) + (-3)/4?
9
Suppose -15 = 8*d + 1. What is the units digit of 38/19*(-47)/d?
7
Let v = 623 + -565. Let s be (-8)/(-3) - (-2)/6. Suppose s*b - 23 = v. What is the units digit of b?
7
Let o be 1 + (-12)/(-2) + -3. Suppose o*a - 56 = -5*r, -r - r + 12 = -a. What is the units digit of -3 + (-4)/(r/(-54))?
4
Suppose -18*i - 15 = -23*i. What is the tens digit of -6*(-2)/i + 70?
7
Let v = -12 + -59. What is the units digit of (v/(-4))/((-62)/16 - -4)?
2
Let w = -104 + 185. What is the units digit of w?
1
Let w(d) = 3*d - 6. Let q be w(10). Suppose 5*n = 8*n - q. Suppose n*u - 190 = 3*u. What is the units digit of u?
8
Suppose 16 = -44*v + 47*v + r, 0 = v - 3*r - 2. What is the units digit of v?
5
Let j = -313 - -861. What is the units digit of j?
8
Let c = 26 - 21. Suppose -c*t + 121 = -3*j, -j + 4*t + 63 = -2*j. Let w = j - -82. What is the units digit of w?
5
Let c(h) be the third derivative of 3*h**5/20 - h**4/12 - h**3 - 30*h**2. What is the units digit of c(3)?
9
What is the hundreds digit of -1128*(78/12 + -7)?
5
Suppose 2*c - 71 = 3*b - 0*b, 0 = 3*c - 2*b - 114. Suppose 16 + c = k. What is the tens digit of k?
5
What is the hundreds digit of (-141780)/(-300) + (-4)/10*-1?
4
Let h = -843 - -1097. What is the tens digit of h?
5
Let n be -10*((-8)/10 + -2). Suppose 3*x = 4*q, -n = -4*x + 4*q - 8*q. What is the units digit of x/6*(-7 - -31)?
6
Suppose -660 = 17*m - 4213. What is the tens digit of m?
0
Let d be (-3)/2 + 2 + 20/(-8). Let l = 1 + -1. What is the units digit of (l + 1)*d - -6?
4
Suppose 0 = 2*q + 6, -4*x + 48*q + 3328 = 52*q. What is the tens digit of x?
3
Suppose 0 = -9*j + 1888 + 2306. What is the tens digit of j?
6
Let o be 8/14 + (-34)/(-14). What is the tens digit of (72/(-7))/(o/(-14))?
4
Let u(x) = x**3 + 9*x**2 - x - 3. Let f be u(-9). Let c be f/(-8)*(-28)/1. Let b = 46 - c. What is the units digit of b?
5
Let c = -131 - -237. Let a = -11 + c. Suppose a = 3*q + 2*q. What is the units digit of q?
9
Let u = 4087 - 1879. What is the thousands digit of u?
2
Suppose 3*t = t + 10. Let g(l) = 5*l**2 + 18*l - 6. Let y be g(t). Suppose y + 3 = 4*r. What is the tens digit of r?
5
Let j = 1593 + -989. What is the units digit of j?
4
Let d = 8 + 77. Let o = 146 - d. What is the units digit of o?
1
Let p = -330 + 341. Let i be ((-2)/(-8) + -1)*-4. Suppose -h - p = -4*j, -i*j = 4*h + j - 36. What is the units digit of h?
5
Suppose -2*a + 394 = 3*l, -a = -5*l - 3*a + 654. Suppose -5*y + 3*s - 215 + 77 = 0, 5*s - l = 5*y. Let b = -12 - y. What is the tens digit of b?
1
Let t(p) = p**3 + 23*p**2 + 23*p + 24. What is the tens digit of t(-20)?
6
Suppose 3*i - 50 = -5*z, 3*i - z = 2*i + 6. What is the units digit of ((-4)/(-10))/(4/i)?
1
Let z(h) = -h**3 - 4*h**2 + 8*h + 9. Let n be z(-6). Suppose -5*s - u = -15, 0 = 6*s - 4*s + 3*u - 19. Suppose -57 - n = -s*w. What is the units digit of w?
5
Suppose -2*l = m - 3070, 3*m + 5*l = -2721 + 11932. What is the tens digit of m?
7
Let i(p) = 91*p + 18. What is the units digit of i(27)?
5
Let n be 4925/20 - 6/(-8). Let z = n - 148. What is the units digit of z?
9
What is the tens digit of 7136/30 + -2*6/(-90)?
3
Let c = -598 - -604. What is the units digit of c?
6
Suppose -141855 = -21*v - 10143. What is the hundreds digit of v?
2
Suppose -253*z + 152779 = -210*z. What is the units digit of z?
3
Suppose 0 = 4*y - 0*y - 12. What is the tens digit of (410/(-25))/(y/(-30))?
6
Suppose i + 2*w = 294, w + 15 - 11 = 0. What is the units digit of i?
2
Suppose -612 = 13*z - 1951. What is the tens digit of z?
0
Let j(i) = -22*i + 9. Let v be j(-4). Let w = 225 - v. What is the units digit of w?
8
Let a(b) = 26*b + 1. Let i(s) = -4*s**2 - 8*s + 2. Let c be i(-2). What is the tens digit of a(c)?
5
Let l(w) = 2*w**3 - 4*w**2 + 2*w - 1. Let h be l(2). Suppose -o + h*o - 236 = 0. Suppose 0*v - o = -4*v + 2*u, -87 = -3*v + 3*u. What is the units digit of v?
0
Suppose 0 = -4*d - 3*u + 3631, 1798 = 2*d - 2*u - 0*u. What is the tens digit of d?
0
Suppose 0 = -6*p + 45 - 9. Suppose -5*l + 3*w - 119 = -p*l, 2*w - 10 = 0. What is the tens digit of l?
0
Let f(s) = 2*s**2 - 7*s + 8. Let v be f(3). Suppose q + 672 = -v*q. What is the units digit of (-458)/(-14) - 32/q?
3
Let m(w) = -21*w - 110. What is the tens digit of m(-25)?
1
Suppose 4*s - 981 = -5*s. Let a = s - 32. What is the units digit of a?
7
Let b(k) = -k**3 - 25*k**2 + 53*k + 7. Let a be b(-27). Let d(f) = f**3 + f**2 - f - 4. Let v be d(-3). Let t = v + a. What is the tens digit of t?
1
Suppose 22*p - 26242 = 9090. Suppose 5*b = -2*x + p, -1 + 10 = 3*x. What is the hundreds digit of b?
3
Suppose 3521 = 21*t - 9583. What is the units digit of t?
4
Let v = -1069 - -1594. What is the units digit of (-8 + 7)/(v/(-261) + 2)?
7
Suppose 35*m - 35883 = -5433. What is the hundreds digit of m?
8
Suppose -7*n = -4588 + 724. What is the hundreds digit of n?
5
Suppose 3*p + 5*l - 49 = 0, 3*p - 5*l - 4 = -5. Suppose -p + 5 = -w. Suppose -w*o + 2*o = -15. What is the units digit of o?
5
Let j(v) = -v**3 + 3*v**2 + 4*v - 1. Let n(m) = -2*m - 3. Suppose 0 = -3*x - 3 - 6. Let u be n(x). What is the units digit of j(u)?
1
Let d(q) = -5*q + 2. Let z(r) = -1. Let c(x) = -d(x) - 4*z(x). Let y be c(2). Suppose -164 + y = -2*u. What is the tens digit of u?
7
Let n = -86 + 315. Suppose -3*o + n = 73. Suppose -170 = -6*j + o. What is the tens digit of j?
3
What is the units digit of (40/5)/(2*1)?
4
Let y be (1 - 2)*1*-5. Suppose y = -3*b + q, 0*b - 6 = b + 4*q. Let u(c) = -3*c**3 - 2*c**2 + 3*c + 3. What is the units digit of u(b)?
3
Suppose 0 = -3*p - p + 2*u - 14, 0 = -4*p + 3*u - 17. What is the hundreds digit of p/(-2)*(-7 + 112)?
1
Suppose -2*w + 76 = -0*w + 2*z, -5*w + 202 = -z. Let y = w - 20. What is the tens digit of y?
2
Let p be (5 + -2)*(-80)/6. Let j = 116 + p. Let d = j - 19. What is the units digit of d?
7
Let k = -331 + 719. What is the tens digit of k?
8
Let b be 3/((-77)/(-19) + -4). What is the tens digit of (6/(-4))/(b/(-1444))?
3
Let n = 10 + 2. Let p = -8 + n. Let x = 31 + p. What is the units digit of x?
5
What is the tens digit of (9/((-144)/32))/(4/(-782))?
9
What is the units digit of (1048/(-14))/((-20)/70)?
2
Let b(q) = -68*q + 5. Let a be b(-5). Let y(m) = -2*m**2 + 5*m + 7. Let j be y(-1). Suppose -5*g = -j*g - a. What is the tens digit of g?
6
Suppose 3*f + 1549 = 4*j - 707, 4*f = 5*j - 2820. What is the hundreds digit of j?
5
Suppose -8*y + 3*y - 173 = -b, -5*b - 5*y = -895. What is the tens digit of b?
7
Suppose 5*s + 828 - 287 = -2*w, w + 263 = -s. Let f = w - -573. What is the units digit of f?
5
Suppose 5*v - 8448 = -4*b, 4*b - 5*v = 9*b - 10565. What is the thousands digit of b?
2
Suppose 3*z + h - 99 = 0, -5*z - 5*h = 52 - 207. Suppose -z + 249 = 5*g. What is the tens digit of g?
4
Suppose 1990 = -10*s + 5900. What is the tens digit of s?
9
Let d(u) = -u**3 - 15*u**2 + 33*u + 197. What is the units digit of d(-20)?
7
Let y = 99 - -31. Suppose -y*b = -133*b + 111. What is the units digit of b?
7
What is the tens digit of (6606/(-3))/(-2) - 8?
9
Let g(n) = 264*n**2 - 130*n. What is the tens digit of g(-4)?
4
Suppose 18 = 3*g - 5*g. What is the units digit of 18/(-81) - 47/g?
5
Let u = -5 - -9. Suppose -x = 3*x + u. What is the units digit of x/(-2) - (-13)/2?
7
Suppose -2*f + 4*m = -380, -5*f - 5*m = -2*m 